ommon divisor of x and 19.
19
Suppose -5*p + 25 = 5*t, 3*t - 3*p - 6 = 3. Suppose -2*q = -t - 4. Suppose -2*w + 77 = 13. What is the highest common divisor of w and q?
4
Let y be (10/(-3))/(4/(-438)). Suppose 2*b + 67 - 207 = 2*x, -5*b = -2*x - y. Calculate the greatest common factor of 30 and b.
15
Let a(p) = -p + 9. Let l = -5 - -12. Let n be a(l). Let q be n/6 - 51/(-9). Calculate the greatest common factor of q and 6.
6
Let o = 6 + -4. Let b be o*(9/6 - -1). Suppose 5*l - 3*t = 60, -b*l + 41 = -4*t - 14. Calculate the greatest common divisor of 45 and l.
15
Let k = 34 + -9. Suppose 0 = -0*s - 2*s + 342. Suppose 0 = 2*h - s - k. Calculate the greatest common factor of h and 14.
14
Let l(g) = -7*g**3 - 2*g**2 - 3*g - 4. Let u be l(-2). What is the greatest common factor of 10 and u?
10
Let s = -10 + 15. Suppose -5*p = o - 35, p + 88 - 235 = -3*o. Suppose 3*h - 5*j - o = -0, -4*h + 3*j = -85. Calculate the greatest common divisor of h and s.
5
Let k = 13 + -26. Let n be (3 + -6)*k/3. Calculate the highest common factor of n and 13.
13
Let r(o) = 99*o. Let p = -3 - -5. Let h be r(p). What is the greatest common divisor of 18 and h?
18
Let g(q) = q**2 - 2*q + 3. Let k be (-3)/(-4) + (-10)/(-8). Let w be g(k). Let m be w/(-6) + (-123)/(-6). What is the highest common factor of m and 4?
4
Let m(j) = j - 8. Let l be m(9). Let y(n) be the second derivative of n**3/6 + n**2/2 + 2*n. Let r be y(l). What is the greatest common divisor of 5 and r?
1
Let n be -6*((-123)/18 - -2). What is the highest common factor of 319 and n?
29
Let o = -24 + 59. What is the greatest common divisor of o and 14?
7
Let r = -128 - -205. Calculate the highest common factor of 11 and r.
11
Let o(w) = 73*w + 44. Let k(z) = -18*z - 11. Let r(v) = 9*k(v) + 2*o(v). Let x be r(-9). Suppose -2*p - 76 = -6*p. What is the highest common factor of p and x?
19
Suppose 3*v = 5*v + 12. Let f be (-280)/(-12) + (-4)/v. Calculate the highest common divisor of f and 12.
12
Let r be ((-8)/(-6))/((-6)/27). Let i be 30/4 + (-3)/r. What is the greatest common divisor of i and 32?
8
Let i be (254 - 2)*3/(-4 + 10). Let a(b) = -b**3 + 4*b**2 - b + 3. Let k be a(5). Let q = k + i. Calculate the highest common factor of 11 and q.
11
Let z = -8 + -4. Let w = z - -20. What is the greatest common factor of 8 and w?
8
Let p(v) = v**3 - 8*v**2 + 8*v. Let m be p(7). Calculate the highest common factor of 21 and m.
7
Let g(c) = -2*c - 7. Let k be g(-5). Let m(u) = 5*u. Let x be m(k). Suppose 72 = 4*q - 408. What is the highest common divisor of x and q?
15
Let v be (-3 - -1)/(-2) + 3. Let y = 192 + -186. Calculate the greatest common factor of y and v.
2
Let p = -36 - -62. What is the highest common divisor of 182 and p?
26
Let q(l) = -2*l**3 - 3*l**2 - 4*l - 4. Let m be q(-3). Calculate the greatest common divisor of m and 7.
7
Let l be (-2)/12 - (-905)/30. Suppose -l = -t - t. Let c(u) = u. Let j be c(3). What is the highest common factor of t and j?
3
Let i = 133 - 131. What is the highest common factor of 16 and i?
2
Let k(w) = w**3 + 7*w**2 + 5*w - 4. Let q be k(-6). Suppose -q = 3*n - 23. Let m be (-2)/((-47)/(-49) + -1). What is the greatest common divisor of m and n?
7
Let z(x) = -12*x - 4. Let m = -9 - -3. Let p be z(m). Let a be 2/3 + p/6. Calculate the highest common factor of a and 48.
12
Let v(b) = -b - 5. Let y be v(-3). Let m be ((-3)/(-6))/(y/(-44)). Calculate the greatest common divisor of 11 and m.
11
Let g be ((-10)/4)/(2/(-12)). Let w be (-5)/(-3) - 1/(-3). Let u be ((-20)/(-6))/(w/18). Calculate the highest common factor of u and g.
15
Let f be (-18 + 18)*(-1)/(-3). Suppose f + 6 = 3*a. What is the greatest common factor of a and 10?
2
Let o(j) = 12*j**3 + 2*j**2 - 2*j + 1. Let x be o(1). Suppose -171 = -4*b + v + 4*v, -4*b - 5*v + 141 = 0. What is the highest common divisor of x and b?
13
Let v(g) = -16*g - 3. Let a be v(-3). What is the greatest common divisor of 18 and a?
9
Suppose -4*r - 4*q - 4 = -r, -q - 16 = -3*r. Let t(o) = 5*o**2 - o - 2. Suppose -u = -2 + 4. Let k be t(u). Calculate the highest common factor of k and r.
4
Let q be 28/6*(-21)/(-14). Suppose o + 0*o = 4*t - 19, -t = 2*o + 29. Let d = 22 + o. What is the highest common factor of d and q?
7
Let a be 10 + 2*(-8)/4. Suppose -k - 4*k - 25 = 0, -3*r = 4*k + 11. What is the highest common divisor of r and a?
3
Let w(u) = -u**3 - 5*u**2 - 6*u - 3. Let l be w(-4). What is the highest common divisor of 2 and l?
1
Suppose -5*y = 4*z - 56 - 7, 0 = -y - 3*z + 6. What is the highest common divisor of y and 30?
15
Suppose -5 = 5*h - 0, -w = -5*h - 7. Let k = -12 + 20. What is the highest common divisor of w and k?
2
Suppose -7 = -r + 3. Let k = -15 + 53. Let y = 68 - k. Calculate the greatest common divisor of y and r.
10
Suppose 83 = -5*w - 407. Let a = w - -143. What is the highest common divisor of a and 15?
15
Let u = 32 - 2. Calculate the greatest common divisor of 90 and u.
30
Suppose 2*l - 56 = 32. Let y(i) = i**2 + 3*i - 17. Let a be y(4). Calculate the highest common divisor of a and l.
11
Let p = 30 - 29. What is the highest common factor of p and 4?
1
Let f be (0 + -17 - -2) + -2. Let v be -7 + 5/((-5)/(-2)). Let q = v - f. Calculate the highest common factor of 108 and q.
12
Suppose 2*w + 0*w - 9 = -k, -2*w = 2*k - 12. Let x = k + 4. Calculate the highest common factor of x and 56.
7
Let o be (-3)/((-3)/1)*17. Let s be o - (-1 + 0)*2. What is the greatest common divisor of 57 and s?
19
Let k = -67 - -108. What is the greatest common factor of 41 and k?
41
Let c = 7 + -2. Suppose -5*j = 2*q, 2 = c*j + q - 3. Let m(i) = 2*i - 3. Let u be m(2). What is the highest common divisor of j and u?
1
Let h = 27 - 19. What is the highest common factor of h and 8?
8
Let h be (4 - 2)*(-2145)/(-26). What is the highest common divisor of 33 and h?
33
Let g be (-20)/(-15)*-15*-1. Calculate the highest common factor of 130 and g.
10
Let r be ((-4)/(-4))/(1/11). Let g(d) = -d**2 + 11*d + 20. Let u be g(r). Calculate the highest common factor of u and 140.
20
Let w = 118 + -74. What is the greatest common divisor of w and 66?
22
Let m(w) = w**3 - 13*w**2 - 7*w - 14. Let v be m(14). Suppose -3*s + 16 = -20. What is the highest common divisor of s and v?
12
Let g = 179 - 79. What is the highest common factor of 20 and g?
20
Let i = -5 + 6. Let w(q) = 5*q**2 - 2*q + 1. Let d be w(i). Calculate the greatest common divisor of 32 and d.
4
Let r(w) = -w**2 - 7*w + 6. Let p be r(-8). Let j be ((-1)/p*40)/2. What is the greatest common factor of 10 and j?
10
Let u(g) = g**3 + 13*g**2 + 6. Let m be u(-13). What is the greatest common divisor of 6 and m?
6
Let p = 118 - 78. Let r(o) = 99*o - 1. Let c be r(1). Let d be c/10 - (-8)/40. Calculate the highest common factor of d and p.
10
Suppose -4*o + 25 = -4*d - 7, -19 = -5*o - 2*d. Suppose 2*k - o*k = -30. Let n = 75 + -35. Calculate the highest common divisor of k and n.
10
Suppose -5*l + q = -4, -3*l + 7 = 5*q + 27. Suppose l = j - 5. Suppose z - 5 = j. Calculate the greatest common divisor of 5 and z.
5
Let h(x) = -x**2 + 3*x - 1. Let p be h(2). Let j(s) = -p - 3 - 30*s + 7*s. Let r be j(-4). What is the greatest common factor of r and 11?
11
Let u be (-10)/(-4)*(10 + -2). Calculate the greatest common factor of 40 and u.
20
Suppose 2*o + 0 = -5*a - 4, 5*o + a - 36 = 0. Let x be (-42)/o*(-32)/3. What is the greatest common divisor of x and 7?
7
Suppose -2 = c - 1. Let s = c + 7. Calculate the greatest common divisor of s and 42.
6
Let d(u) = -u**2 - 6*u - 2. Suppose 6 = -4*j - 10. Let g be d(j). What is the greatest common factor of g and 54?
6
Suppose -92 + 142 = 2*a. Calculate the highest common divisor of 75 and a.
25
Let r(y) = y + 9. Let x be r(-6). Let q be 9*(-2)/6*-1. Suppose 0 = -x*z - q + 39. What is the greatest common divisor of z and 84?
12
Suppose -2*x - 5*h + 130 = 0, -3*h = -4*x + 2*h + 290. Let m = -21 + 35. Calculate the greatest common factor of x and m.
14
Let n(p) = -2*p + 2. Let g be n(-2). Let x be 1*3/g*4. Let u be (80 - (x + -3)) + 0. Calculate the highest common factor of u and 9.
9
Let k be (1/(-3))/((-2)/474). Suppose g = -5*f - g + 67, -5*f + k = -g. Suppose i + 0*i - 105 = 0. What is the highest common factor of i and f?
15
Let g = 3 - 0. Suppose 5*b + s = 